ppose -34*d + 13601 + 46681 = 0. What is the hundreds digit of d?
7
Let s(n) = 2*n**2 + 9*n + 1. Let z be s(-4). What is the tens digit of 80 - 3 - z/1?
8
Let i = 4 + -3. What is the hundreds digit of ((-10)/2 + (-2)/i)*-15?
1
Let d(m) be the first derivative of -m**2/2 + m - 8. What is the units digit of d(-3)?
4
What is the hundreds digit of (-243)/54*35824/(-36)?
4
Suppose 5*r - 4*r = 4*z + 449, -r - 5*z + 440 = 0. What is the tens digit of r?
4
Let z = -95 + 95. Suppose -2*j - 3*j - x + 297 = z, 3*j + 3*x = 183. What is the tens digit of j?
5
Let k = -105 + 108. Suppose -3*n - 2*t = -5*n + 344, -k*t = 0. What is the units digit of n?
2
Let a be -1 + (5 - (-2 - -4)). What is the units digit of 5 - (10/4 - 1/a)?
3
Suppose -3*d = -p + 1 - 11, -4 = 2*d + 2*p. Suppose -d*g + a = -363, 5*g + 3*a = 2*a + 890. What is the tens digit of g?
7
Let p(h) = h**3 + h**2 + 1. Let a(j) = -86*j**3 - 6*j**2 + 3*j - 4. Let u(w) = a(w) + 6*p(w). What is the units digit of u(-1)?
9
Let u(i) = -i**2 + 8*i - 8. Let p be u(10). Let y be p/6*18/(-21). Suppose -5*d - 5*t + 10 = -y*t, -4*t = -4*d + 32. What is the units digit of d?
3
Let q(k) = 6*k**2 + 4*k - 3. Suppose m + 10 = -3*d, -4*m + d - 2 = -7*m. Let b(n) = -n**3 + 4*n**2 - 2*n - 2. Let h be b(m). What is the tens digit of q(h)?
2
Let z = -23 + 25. Suppose -3*m = -z*b - 23 - 54, 4*b = -4*m + 76. What is the tens digit of m?
2
Let l(v) = 3*v**2 + 18*v + 147. What is the thousands digit of l(17)?
1
Let l = -18 - -40. Suppose -4*j + z - 34 = -j, 0 = -2*j + 5*z - 40. Let x = l + j. What is the tens digit of x?
1
Let a(y) = 34*y**2 + 34*y - 129. What is the units digit of a(6)?
9
Let y(p) = p**3 - 2*p**2 - 3*p + 3. Let x be y(3). Suppose -x*f + 4 = 49. Let t = 21 - f. What is the tens digit of t?
3
Suppose -f = -146 - 17. Suppose -117 = -5*t + f. What is the tens digit of 2506/t - 2/(-8)?
4
Suppose 4432 = 56*b - 52*b. What is the tens digit of b?
0
Suppose 16*o = 5824 + 5440. What is the hundreds digit of o?
7
Let q be (-3)/(1 - 6/3). Suppose 0 = 5*m - q*d - 126, -5*d + 29 = m - 13. What is the tens digit of m?
2
Let b be 4/14*(2 - -12). Suppose b*m - 28 = 52. What is the units digit of ((-72)/(-10))/(4/m)?
6
Suppose -30*q = -0*q - 1230. What is the units digit of q?
1
Suppose -63*m + 56*m + 3591 = 0. What is the tens digit of m?
1
Let f(z) be the second derivative of 2*z**4/3 + z**3/2 + 8*z**2 + 25*z. What is the tens digit of f(-3)?
7
Suppose 5*g + 3*m - 1600 = 0, -3*m - 10 = -5*m. What is the units digit of g?
7
Let q(o) = -34*o**3 + 2*o**2 + 24*o + 7. What is the tens digit of q(-4)?
1
Let g(q) = 12*q**2 - 103*q - 41. What is the hundreds digit of g(20)?
6
What is the tens digit of (3/(3/5))/(11/4070)?
5
Let f(m) = -m**3 - 2*m**2 - m - 6. Let k(n) = 3*n**3 + 6*n**2 + 2*n + 18. Let t(s) = -17*f(s) - 6*k(s). What is the units digit of t(-5)?
4
Suppose 21*u - 83*u + 159526 = 0. What is the tens digit of u?
7
Suppose 409 - 1435 = -19*d. What is the tens digit of d?
5
Let g = -29 + 32. Suppose 0 = -d - m + 48, -g*m - 4 = -m. What is the tens digit of d?
5
Let j = -2 - -4. Suppose 4 = 3*l + j*q - 4, 0 = -4*q - 20. Suppose -l = -3*f - 3. What is the units digit of f?
1
What is the hundreds digit of (-1)/(3/90)*(-11040)/75?
4
Let l(i) = i - 17. Let n be l(14). Let v(x) = 9*x**2 + 2*x + 7. What is the units digit of v(n)?
2
What is the units digit of 629 - ((-66)/12 - -5)*0?
9
Let t(w) = w**3 + 6*w**2 - 5*w - 2. Let g be -1 + (-6 - (-1 + 0)). Let b be t(g). Suppose 3*d - f = b, 5*d + 0*f = -2*f + 54. What is the units digit of d?
0
Suppose 0 = -71*f + 69*f + 1470. What is the units digit of f?
5
Let d(m) = -48*m - 43. What is the tens digit of d(-10)?
3
Suppose 0*k + 4 = -k, -4*k - 28 = -4*s. Suppose s*a = 347 + 334. What is the tens digit of a?
2
Suppose 2*r - 9*i + 10*i - 1028 = 0, -4*i = 3*r - 1547. What is the hundreds digit of r?
5
Let p(q) be the second derivative of 23*q**3/6 - 7*q**2/2 - 11*q. What is the units digit of p(2)?
9
Let o(j) = -j**3 - 3*j**2 + 4730. What is the units digit of o(0)?
0
Suppose 6*k + 2244 = 9*k. What is the units digit of k?
8
Let i(n) = -n**2 - 49*n + 6. What is the hundreds digit of i(-15)?
5
What is the tens digit of (-18)/225 - (-414616)/200?
7
Suppose -5318 - 1702 = -18*p. Let c = -105 + p. What is the units digit of c?
5
Let y be (-13)/(1*-4 + 3). Suppose 4*k = 15 + y. Let m(j) = 4*j + 4. What is the units digit of m(k)?
2
Let r = 11 - 9. Suppose -2*d = 4*a - 0*d - 16, 2*a - r*d - 2 = 0. What is the units digit of a?
3
Let q(f) = -f**2 + 4*f - 72. Let h(b) = -2*b**2 + 7*b - 145. Let i(s) = -3*h(s) + 5*q(s). What is the units digit of i(0)?
5
Suppose 3875 + 3769 = 7*w. What is the units digit of w?
2
Suppose 4*k = 3*u - 2305, -26*k = -5*u - 31*k + 3795. What is the hundreds digit of u?
7
Let s(i) = 13 - i - 6 + 2*i. What is the units digit of s(-3)?
4
Suppose 0*o + 6*o - 3336 = 0. Let v = o + -306. Suppose 0 = -4*f - f + v. What is the units digit of f?
0
Suppose 5*d - 84 = 166. Let v be 1/(2 + d/(-24)). What is the tens digit of 166/8 + (-3)/v?
2
Let z(i) = 4*i**3. Let y be z(-1). Let c be y + 2 + 1 + -3. Let a = c + 6. What is the units digit of a?
2
Let m = 26 - 12. Suppose m + 34 = 6*k. What is the units digit of k?
8
Let k(b) = 8*b - 11. Let i be k(2). Suppose -5*q = -185 - i. What is the tens digit of q?
3
Let k(z) = -z**2 - 15*z - 26. Let h be k(-13). Suppose 2*w - 3*x - 9 = 0, h = -4*x - 4 - 0. What is the units digit of w?
3
Let s(g) be the third derivative of g**5/60 + g**4/24 - 13*g**3/6 - g**2. Let j be s(-10). Suppose 0 = 3*i - j - 25. What is the units digit of i?
4
Suppose q + 2*l + 154 = 3*q, -3*q + 230 = -2*l. What is the tens digit of q?
7
Let z(p) = -6*p**2 + 14*p + 19. Let l(x) = 2*x**2 - 5*x - 6. Let a(c) = 11*l(c) + 4*z(c). Let d be a(-5). What is the units digit of (72/d)/((-4)/30)?
2
What is the tens digit of 8/68 + (-13324)/(-34)?
9
Let d(l) = 9*l + 2. Let n(m) = 4*m + 1. Let s(z) = 3*d(z) - 5*n(z). Suppose -u - 2 + 0 = p, 5*u = p - 28. What is the tens digit of s(p)?
2
Let u = 11 - 9. Let j be u - (0 + -3 - 24). Let b = 15 + j. What is the tens digit of b?
4
Let n = 6 - -4. Let z = 8 - n. What is the tens digit of 41/z*2*-1?
4
Suppose -3*j + j = -6. Suppose 3*k = j + 3. What is the units digit of k - (3 + 0 + -9)?
8
Let t(a) = -a**2 + 9*a + 4. Let w be t(7). Suppose 0 = 3*r - 0*r - w. Suppose -10*q + r*q + 72 = 0. What is the tens digit of q?
1
Let u(c) be the first derivative of 9*c**2/2 + 3*c + 6. Let y be (4/6)/((-3)/(-18)). What is the tens digit of u(y)?
3
Let a(n) = -5*n**3 + 3*n**2 + 8*n - 4. Let x(z) = -4*z**3 + 4*z**2 + 7*z - 3. Let p(w) = 3*a(w) - 4*x(w). What is the units digit of p(8)?
2
Let i = 3 + -8. Let c(p) = 12 - 29 + 12 - 7*p. What is the tens digit of c(i)?
3
Suppose -4*o + 6*o = -3*g + 10702, 2*o = -g + 10702. What is the tens digit of o?
5
Let p be (-1 - 5)*(-28)/21. Suppose 60 = -4*l + p*l. What is the units digit of (-8)/(-12)*l/2?
5
Suppose 19*l + 9 = 22*l. Suppose -4*z - 255 = -l*t - 2*z, 0 = 3*z. What is the units digit of t?
5
Let j = -3 + 22. Suppose w = -5*g + 29, 0 = -3*g - 0*g - w + j. What is the units digit of g?
5
Let z be (3/(-2))/((-6)/8). Suppose -10 = -5*w + 5*s, -w - 2*w + 2 = -z*s. What is the units digit of -8*w/((-4)/(-10))?
0
Let d(r) = -r**3 + 14*r**2 - 12*r + 7. Let l be d(13). What is the tens digit of 1/(-5) + 1164/l?
5
Let z = 7091 + -3490. What is the thousands digit of z?
3
Let n(r) be the third derivative of 3*r**4/8 - 5*r**3/2 + 3*r**2. What is the tens digit of n(6)?
3
Let i(y) = -y**3 + 4*y + 6. Let c be i(-2). Suppose -2*a + 0*a - 22 = 0. Let z = c - a. What is the units digit of z?
7
Let v(a) be the third derivative of a**5/60 + a**2. Let d be ((-2)/(-4))/(2 - (-15)/(-6)). What is the units digit of v(d)?
1
Let j = 901 - 257. What is the tens digit of j?
4
Let c(m) = -7*m + 2*m**2 + 4*m + 9 - 12 + m**3. Let y be c(-2). Let p(n) = 10*n - 2. What is the units digit of p(y)?
8
Let z(u) = -3*u**2 - 5*u - 9. Let y(s) = 4*s**2 + 5*s + 9. Let j(t) = -4*y(t) - 5*z(t). Let m be j(5). What is the units digit of (-6)/4*(-186)/m?
1
Let f(j) = -2*j**3 - 5*j**2 - 5*j + 8. What is the tens digit of f(-5)?
5
Let h(u) = -108*u + 17. What is the units digit of h(-7)?
3
Let h(b) = 1974*b**3 + b**2 + 4*b - 6. Wha